{"id":3081,"date":"2024-06-25T17:38:58","date_gmt":"2024-06-25T15:38:58","guid":{"rendered":"https:\/\/emirats-unis.diplomatie.gov.bf\/?page_id=3081"},"modified":"2024-10-25T11:59:02","modified_gmt":"2024-10-25T09:59:02","slug":"cooperation-bilaterale","status":"publish","type":"page","link":"https:\/\/emirats-unis.diplomatie.gov.bf\/index.php\/cooperation-bilaterale\/","title":{"rendered":"Coop\u00e9ration bilat\u00e9rale"},"content":{"rendered":"\t\t<div data-elementor-type=\"wp-page\" data-elementor-id=\"3081\" class=\"elementor elementor-3081\" data-elementor-post-type=\"page\">\n\t\t\t\t<div data-particle_enable=\"false\" data-particle-mobile-disabled=\"false\" class=\"elementor-element elementor-element-7d4af10 e-flex e-con-boxed e-con e-parent\" data-id=\"7d4af10\" data-element_type=\"container\" data-e-type=\"container\">\n\t\t\t\t\t<div class=\"e-con-inner\">\n\t\t\t\t<div class=\"elementor-element elementor-element-289f63b elementor-widget elementor-widget-text-editor\" data-id=\"289f63b\" data-element_type=\"widget\" data-e-type=\"widget\" data-widget_type=\"text-editor.default\">\n\t\t\t\t<div class=\"elementor-widget-container\">\n\t\t\t\t\t\t\t\t\t<p>A l\u2019instar des autres pays du Golfe, la coop\u00e9ration entre le Burkina Faso et les Emirats Arabes Unis a commenc\u00e9 dans les ann\u00e9es 1970. Depuis lors, ce pays intervient dans les programmes de d\u00e9veloppement dans notre pays \u00e0 travers le Fonds d\u2019Abu Dhabi pour le d\u00e9veloppement (FADD) et le Fonds Khalifa pour le D\u00e9veloppement des Entreprises (FKDE). Ce dernier fonds vient de fusionner avec le premier cit\u00e9.<\/p><p>La coop\u00e9ration bilat\u00e9rale s\u2019est renforc\u00e9e avec l\u2019ouverture d\u2019une Ambassade r\u00e9sidente \u00e0 Abu Dhabi en 2020, fonctionnelle depuis d\u00e9cembre 2021. Les Emirats Arabes Unis dispose quant \u00e0 eux d\u2019une Ambassade non r\u00e9sidente au Burkina Faso, install\u00e9e \u00e0 Alger.<\/p><p>Sur le plan commercial, selon les statistiques 2022 du Centre du commerce international bas\u00e9 \u00e0 Gen\u00e8ve en Suisse, les exportations du Burkina Faso vers les Emirats Arabes Unis sont essentiellement port\u00e9s par l\u2019or et les m\u00e9taux pr\u00e9cieux. Les exportations des Emirats Arabes Unis vers le Burkina Faso sont quant \u00e0 eux vari\u00e9es et vont de l\u2019\u00e9lectronique, \u00e0 l\u2019automobile, en passant par les produits alimentaires, l\u2019habillement et la cosm\u00e9tique.<\/p><p>Depuis quelques ann\u00e9es, le cadre juridique r\u00e9gissant la coop\u00e9ration entre les deux pays, s\u2019est renforc\u00e9 avec la signature d\u2019un Accord de services a\u00e9riens entre le Gouvernement du Burkina Faso et le Gouvernement des Emirats Arabes Unis, sign\u00e9 \u00e0 Duba\u00ef le 3 mars 2015, d\u2019un M\u00e9morandum d\u2019Entente entre le Gouvernement du Burkina Faso et le Gouvernement des Emirats Arabes Unis, sur l\u2019exemption de visas pour les passeports diplomatique, sign\u00e9 \u00e0 Addis-Abeba le 28 janvier 2018, et aujourd\u2019hui \u00e9tendu aux passeports de service, etc. Un projet d\u2019accord sur la promotion et la protection des investissements entre les deux pays est en cours de n\u00e9gociation. Il en de m\u00eame pour d\u2019 autres accords tels que l\u2019accord qui d\u00e9finit le cadre global de coop\u00e9ration entre les deux pays.<\/p><p><a name=\"_Toc112162814\"><\/a>En ce qui concerne les domaines de coop\u00e9ration, l\u2019Etat des Emirats Arabes Unis intervient dans plusieurs secteurs au Burkina Faso qui vont du social \u00e0 l\u2019humanitaire en passant par le financement d\u2019infrastructures. Ces interventions s\u2019op\u00e8rent essentiellement \u00e0 travers les dons et le financement de projets. A c\u00f4t\u00e9 de cette coop\u00e9ration beaucoup plus formelle, les interventions de l\u2019Etat des Emirats Arabes Unis au Burkina Faso se font aussi de fa\u00e7on informelle mais non moins efficace \u00e0 travers certaines communaut\u00e9s ou associations islamiques qui b\u00e9n\u00e9ficient d\u2019apports d\u2019ONG \u00e9miraties, notamment de la Fondation Cheikh Zayed et de la Fondation Mohammed Bin Rashid Al Maktoum.<\/p><p>Par ailleurs, sur le plan humanitaire, notre pays a b\u00e9n\u00e9fici\u00e9 en janvier 2024, de l\u2019envoi \u00e0 Ouagadougou, d\u2019une aide humanitaire de 50 tonnes au profit des personnes d\u00e9plac\u00e9es internes.<\/p><p><strong>Aujourd\u2019hui dans le cadre du renforcement des relations bilat\u00e9rales entre le Burkina Faso et les Emirats Arabes Unis, beaucoup de points d\u2019int\u00e9r\u00eat sont en discussions notamment dans les domaines de l\u2019agriculture, des infrastructures et les grands projets structurants, le b\u00e2timent, la sant\u00e9, la finance, le commerce, l\u2019industrie, l\u2019artisanat, la culture, le sport, l\u2019enseignement, les hydrocarbures, les TICS, l\u2019IA etc..<\/strong><\/p>\t\t\t\t\t\t\t\t<\/div>\n\t\t\t\t<\/div>\n\t\t\t\t\t<\/div>\n\t\t\t\t<\/div>\n\t\t\t\t<\/div>\n\t\t","protected":false},"excerpt":{"rendered":"<p>A l\u2019instar des autres pays du Golfe, la coop\u00e9ration entre le Burkina Faso et les Emirats Arabes Unis a commenc\u00e9 dans les ann\u00e9es 1970. Depuis lors, ce pays intervient dans les programmes de d\u00e9veloppement dans notre pays \u00e0 travers le Fonds d\u2019Abu Dhabi pour le d\u00e9veloppement (FADD) et le Fonds Khalifa pour le D\u00e9veloppement des [&hellip;]<\/p>\n","protected":false},"author":4,"featured_media":0,"parent":0,"menu_order":0,"comment_status":"closed","ping_status":"closed","template":"elementor_header_footer","meta":{"_acf_changed":false,"_monsterinsights_skip_tracking":false,"_monsterinsights_sitenote_active":false,"_monsterinsights_sitenote_note":"","_monsterinsights_sitenote_category":0,"footnotes":""},"class_list":["post-3081","page","type-page","status-publish","hentry"],"acf":[],"_links":{"self":[{"href":"https:\/\/emirats-unis.diplomatie.gov.bf\/index.php\/wp-json\/wp\/v2\/pages\/3081","targetHints":{"allow":["GET"]}}],"collection":[{"href":"https:\/\/emirats-unis.diplomatie.gov.bf\/index.php\/wp-json\/wp\/v2\/pages"}],"about":[{"href":"https:\/\/emirats-unis.diplomatie.gov.bf\/index.php\/wp-json\/wp\/v2\/types\/page"}],"author":[{"embeddable":true,"href":"https:\/\/emirats-unis.diplomatie.gov.bf\/index.php\/wp-json\/wp\/v2\/users\/4"}],"replies":[{"embeddable":true,"href":"https:\/\/emirats-unis.diplomatie.gov.bf\/index.php\/wp-json\/wp\/v2\/comments?post=3081"}],"version-history":[{"count":46,"href":"https:\/\/emirats-unis.diplomatie.gov.bf\/index.php\/wp-json\/wp\/v2\/pages\/3081\/revisions"}],"predecessor-version":[{"id":5201,"href":"https:\/\/emirats-unis.diplomatie.gov.bf\/index.php\/wp-json\/wp\/v2\/pages\/3081\/revisions\/5201"}],"wp:attachment":[{"href":"https:\/\/emirats-unis.diplomatie.gov.bf\/index.php\/wp-json\/wp\/v2\/media?parent=3081"}],"curies":[{"name":"wp","href":"https:\/\/api.w.org\/{rel}","templated":true}]}}